 + 3*x**2 + 12*x + 2. Let g be m(3). Let h be 4/(-14) + (-158)/(-14). Calculate the greatest common divisor of h and g.
11
Suppose -2*g - 3 + 15 = 0. Let v be (-39)/g*12/3. Let x = v - -36. What is the greatest common divisor of x and 15?
5
Let z = -4 - 2. Let i = -2 - z. Suppose -s + 5 = 4*s, 3*s + 117 = i*v. Calculate the highest common divisor of 10 and v.
10
Suppose -4*w + 0*w - 5*s = 4, -w + 3*s = 1. Let c = w + 3. Let o(k) = 2*k**2 + 4*k + 2. Let l be o(-2). Calculate the greatest common factor of l and c.
2
Suppose -b = 2*b + 9. Let k = 17 + b. Let y be 14/1 + (-1 - -1). What is the highest common divisor of k and y?
14
Let o be 80/14 + (-4)/(-14). Let b = 8 - o. Suppose b*t - t - 30 = 0. What is the highest common divisor of t and 12?
6
Let m = -8 + 0. Let i(g) = -g**3 - g**2 + 2*g + 2. Let b be i(-2). Let u be b + m/(1*-2). Calculate the greatest common divisor of u and 6.
6
Let s = 5 - -12. Suppose 0*x + 2 = -x + 2*f, -s = -5*x + f. What is the greatest common divisor of 32 and x?
4
Let b = -43 - -59. Calculate the greatest common factor of b and 40.
8
Let l = 125 + -60. Suppose -3*p - 33 = -4*b, 2*b - 44 = -2*p - 2*p. Suppose -3*u + 90 = b. Calculate the highest common divisor of u and l.
13
Suppose -h = -4*h + 36. Calculate the greatest common factor of 60 and h.
12
Let f(k) = 3 + k**3 - 5*k**3 - 5*k + 3*k**3 - 6*k**2. Let n be f(-5). Calculate the highest common factor of n and 18.
3
Suppose -5*m + d - 97 = 0, -d - 84 = 4*m - 5*d. Let x = 37 + m. Calculate the greatest common divisor of x and 162.
18
Let p be 4*(6 + -4) - 1. What is the highest common divisor of p and 28?
7
Let c(n) = n**2 + 13*n - 14. Let f be c(10). Calculate the highest common divisor of f and 24.
24
Let m(l) = -2*l**3 + l**2 - 4*l - 2. Let r be m(-2). What is the greatest common factor of 104 and r?
26
Suppose 0 = b + 3*p + 1, 18 = -4*b - 7*p + 2*p. Let d(f) = f**3 - 2*f**2 + 1. Let t be d(-2). Let x = b - t. What is the highest common factor of 64 and x?
8
Suppose -3*m + 2*m = -106. Suppose m - 34 = 4*y. Calculate the highest common factor of y and 126.
18
Let s = -211 + 371. What is the greatest common factor of 64 and s?
32
Suppose -v = 4*g + v - 8, v = -4*g + 12. Let p be (g - 5)/((-1)/91). Let f = -20 + 33. What is the greatest common factor of p and f?
13
Let u be (16 - -4)*(-1)/(-2). Let q be 22 + (2*-1 - 0). What is the highest common factor of q and u?
10
Suppose -2*v = 3*t - 0*t - 25, -4*v - 2*t = -70. Calculate the highest common factor of v and 5.
5
Let t(f) = 17*f - 2. Let s be t(1). Calculate the greatest common factor of 6 and s.
3
Let b = 6 - 10. Let s be (-2)/b*(0 + 50). Let v(y) = -y**2 + 13*y - 17. Let a be v(11). Calculate the greatest common factor of a and s.
5
Let m = 28 + -9. What is the highest common divisor of m and 209?
19
Let v be 75/7 - (-2)/7. Let b be 6 - 1 - (10/2 + -1). Calculate the highest common factor of b and v.
1
Let s = 8 + -6. Let a be (s - 0/2) + 1. Suppose -5*v + 2*h = -a - 121, -86 = -4*v - 5*h. What is the greatest common divisor of v and 3?
3
Let l(c) = -2*c + 1. Let p(o) = -o - 7. Let z be p(-6). Let x be l(z). Suppose -x*f + 98 = -145. Calculate the greatest common factor of 9 and f.
9
Let y(h) = 9*h + 46. Let i be y(-5). Let j(g) = g**3 + 4*g**2 + g + 1. Suppose 2*r + r + 9 = 0. Let b be j(r). What is the highest common factor of b and i?
1
Let o = 553 + -220. What is the highest common factor of 37 and o?
37
Suppose 6*g = 8 + 4. What is the greatest common factor of g and 6?
2
Suppose -24 = -0*b - 4*b. Let v = b + 1. What is the greatest common divisor of v and 28?
7
Suppose -2*h - 40 = -5*u, -4*h - 35 + 3 = -2*u. Let p be -2*(u/4)/(-1). Let f = p - 2. What is the greatest common factor of f and 11?
1
Let q = -7 - -18. What is the greatest common factor of q and 176?
11
Let n(d) = d**2 - 7*d - 9. Let q be n(-2). Calculate the highest common divisor of q and 36.
9
Let x be -2 + (-5 - -4) - 371*-1. Calculate the highest common divisor of x and 16.
16
Suppose -2*i + 5*h = 7, 40 = i + 4*i - h. Suppose -2*q + 5*m = 13, 2*m - 3*m + 23 = 3*q. Calculate the greatest common factor of i and q.
3
Let g = -685 + 1106. Suppose 5*o - 4*a = 424, 5*o = -2*a + 3*a + g. What is the highest common factor of o and 21?
21
Let o(t) = -84*t - 15. Let w be o(-2). What is the greatest common divisor of w and 17?
17
Suppose 128*x - 126*x - 20 = 0. Let z(a) = a**3 + a**2 - a - 1. Let h be z(-1). Suppose -3*m = -h*m - 330. Calculate the greatest common divisor of x and m.
10
Let j be ((-3)/6)/((-2)/(-4)). Let o be 3/9 - (-24)/9. Let q be o + 69 + 0/j. Calculate the highest common divisor of 9 and q.
9
Suppose -8*g + 352 = 3*g. What is the highest common factor of g and 4?
4
Let b = 39 + -15. What is the greatest common factor of 16 and b?
8
Suppose 0*m - 8 = -2*m. Calculate the greatest common factor of 8 and m.
4
Let f be (-2)/(-9) - 49/(-63). Suppose -2*i - f = -85. Calculate the highest common divisor of i and 14.
14
Suppose 0*w = -7*w + 35. What is the highest common factor of 15 and w?
5
Suppose -4*k + o = -65, -2*o - 50 = -3*k - o. Calculate the highest common divisor of k and 10.
5
Let a be -3 - (32/(-4) + 0). Calculate the highest common divisor of 55 and a.
5
Let m(c) = c**2 - 8*c + 2. Let t be m(8). Suppose v = -t*v + 6. Calculate the greatest common factor of v and 6.
2
Let p be (-10)/((-4)/(-18)*-3). Let u = -10 + 20. What is the highest common factor of p and u?
5
Suppose 3*g = -0*g + 4*a + 68, -2*g = a - 60. Calculate the highest common factor of 84 and g.
28
Let o = -467 + 531. Suppose 5*r = -3*n + 24, 3*n + n - 32 = -3*r. Calculate the highest common divisor of o and n.
8
Suppose -5*k = 3*g + 97, 0 = -4*g + 2*k + k - 81. Let s be 14*(g/(-4) + 2). Calculate the greatest common divisor of 16 and s.
16
Let s = 11 + -8. Suppose -4*b = p - 9, -10 = 4*p + s*b + 6. Let u(r) = r**3 + 6*r**2 - 9*r - 4. Let t be u(p). What is the highest common factor of 30 and t?
10
Suppose 6*v + 12 = 54. Suppose -3*a + v*p + 24 = 3*p, -3*a - p + 24 = 0. What is the greatest common factor of 40 and a?
8
Let l be ((-5)/3)/(6/(-18)). What is the greatest common factor of l and 1?
1
Suppose 2*x = 14 + 8. What is the highest common factor of 1 and x?
1
Suppose 3 = s, 2*k - 5*k - 2*s + 54 = 0. Calculate the greatest common divisor of k and 64.
16
Let g be 24/(-10) - 4/(-10). Let p(a) = -18*a. Let w be p(g). What is the highest common divisor of w and 54?
18
Suppose -3*j + 5*c = 2*j - 95, 76 = 4*j - 5*c. Let p be -8 + 0 + -1 + 1. Let v = 163 - p. What is the greatest common factor of v and j?
19
Let b be 6/21 + 80/14. Let k(y) = -y**3 - 22*y**2 + 20*y - 57. Let p be k(-23). What is the greatest common factor of b and p?
6
Let n be (-1)/((9/60)/(-3)). Calculate the greatest common divisor of n and 50.
10
Let v = 19 + -12. Suppose 2*l - 103 = 23. Calculate the greatest common divisor of v and l.
7
Let k(y) be the first derivative of y**2/2 - 6*y - 1. Let p be k(7). What is the greatest common divisor of p and 4?
1
Suppose 0 = s - 2 - 1. Let z be -5*(s/5 + -1). Let d be 33/9*3 - z. Calculate the greatest common factor of d and 6.
3
Let k = 9 - 6. Let w = 21 - k. What is the greatest common divisor of w and 12?
6
Suppose -h = 2*v + 4*h - 58, -v + 30 = 3*h. Calculate the greatest common divisor of v and 216.
24
Suppose -h + 3*d = -47, 4*d + d = -5. Suppose -2*a + 7 = -15. What is the highest common divisor of a and h?
11
Suppose -3*d + s + 0*s = -39, 0 = -4*s - 12. What is the highest common factor of 120 and d?
12
Let z be 3 - ((-39)/2)/((-4)/(-24)). Let v(f) = -23*f + 1. Let q be v(-1). What is the highest common factor of z and q?
24
Suppose -d - 2*d = -3*g + 6, -14 = -3*d - g. Let p(n) = 34*n - 3 + 12 - 2 - 35*n. Let a be p(d). Calculate the highest common divisor of 32 and a.
4
Suppose 106 - 36 = 5*o. Calculate the greatest common divisor of o and 28.
14
Let v be 253/77 - 2/7. What is the greatest common divisor of v and 51?
3
Let y(a) = a**2 + 2*a + 4. Let n be y(-4). Let l = 23 - n. Let p = l - -1. Calculate the greatest common divisor of p and 108.
12
Let b = -4 + 4. Let t be (1 + -4)/(-3) + -2. Let y = b - t. What is the highest common divisor of y and 1?
1
Suppose 2*y = 6*y - 32. Calculate the greatest common divisor of 4 and y.
4
Let k(j) = -